 - -50) + -24?
14
Calculate (2 - (-2 - -4)) + (-4 + 0 - -4).
0
Evaluate -5 + -6 - ((5 - 12) + 5).
-9
What is the value of 27 - 1 - 0 - ((17 - 56) + 45)?
20
Calculate -8 - (-23 - (-6 + -8) - -25).
-24
Evaluate 8 + -29 + 13 - -5.
-3
What is the value of -43 + -35 + 59 + -1 + (-1 - -8)?
-13
What is the value of (0 - (-17 + 18)) + -15?
-16
Calculate (45 - 45) + -6 + (0 - 0) + -4.
-10
Evaluate 13 - (3 + -10 + 8) - 9.
3
Calculate 11 + (5 - 2) + (38 - 17).
35
1 - 0 - (5 + -11) - (54 - 49)
2
Evaluate -2 - (-7 - ((2 - 10) + 7)).
4
Calculate 10 + (-49 - (-5 + -15)).
-19
Calculate (-12 - (-56 + 27)) + -29.
-12
What is -12 + 32 - 35 - -11?
-4
What is the value of -11 - ((16 - 27) + 5 + -9)?
4
Calculate -12946 + 12966 - ((3 - -1) + 1 + -2).
17
Calculate 4 + (-2 - 9 - (-3 - (19 + -17))).
-2
Evaluate 143 + -164 - (-37 - 1).
17
What is -24 + (19 + (-6 + -2 - -3) - 9)?
-19
-3 - ((2 - 0) + (-14 - (-13 - 11)))
-15
(-20 - (-5 - 12)) + 13
10
What is -47 + 31 + 20 + 27?
31
Calculate -26 - ((-40 - 0) + 20).
-6
What is the value of -7 + -6 + -5 - -12?
-6
80 - (11 + 54 + -24)
39
Calculate 7 + (4 - 20) + 19 + -5.
5
Evaluate -14 + 13 - (-15 - (3 + -1 + -4)).
12
1 + 3 - (-4 - (4 - (-10 - -34)))
-12
What is the value of (-5 - 0 - (44 + -46)) + (15 - -2)?
14
Calculate 47 - (1 + 4) - 38.
4
What is -40 + 25 + -6 - -15?
-6
What is the value of (20 - (-3 - -26)) + 5 + -3 + -35?
-36
Evaluate -33 - -27 - (-4 + -4 + 1 + 7).
-6
What is the value of -17 - -14 - (-7 - (-6 - -2))?
0
What is 9 - (-10 + (-4 + 4 - -3))?
16
Calculate 20 + -34 + 3 + 3 + -3.
-11
(-19 - -26) + (3 - (-2 - -13)) + 9
8
What is the value of 1 + -5 + -9 - -21?
8
What is -54 + 9 + 25 + 30?
10
Evaluate 3 - -4 - 8 - ((2 - -11) + -3).
-11
Calculate 23 + -3 + -2 + -50 + 59.
27
Calculate -21 + (-23 - -10) + 21.
-13
Calculate -15 - -7 - (-2 - ((-5 - -6) + 0)).
-5
Calculate 16 + -26 + -19 + 10.
-19
Calculate 23 + 0 + 4 - 12.
15
What is 0 - -12 - 9 - (11 - -2) - -4?
-6
What is the value of (-3 - (3 - -1)) + (-48 - -45)?
-10
What is the value of -3 - (-77 - -40 - -13)?
21
Evaluate 25 - (-2 - (19 + -11 + -14)).
21
Calculate 18 - 1 - (-43 + 3 + 54).
3
What is the value of -4 + -6 - (-3 - 1)?
-6
What is the value of 164 - 182 - (0 + -32)?
14
Calculate (17 - 9) + -18 + -7 + (2 - -7).
-8
-8 + (4 - 11 - -9) + -7 + 5
-8
Evaluate -9 - -1 - (209 - 214).
-3
Calculate 65 + -29 - 1 - 40.
-5
Evaluate 15 - (21 + 14 + -28).
8
-36 + 47 - (-1 - -6)
6
What is -6 + 17 - 13 - (-29 + 7)?
20
What is (6 - 7) + -2 - -14?
11
Calculate 1 + -5 - (-10 - -17 - (-3 + 19)).
5
(-13 - -37) + (1 - 8) + -28
-11
28 + -43 + 9 + -12
-18
What is (-5 + 39 - 33) + -12 + -1 + -1?
-13
Evaluate -15 + 24 + 25 + -33.
1
What is the value of 51 + -48 - (12 + -7 + (2 - 0))?
-4
Evaluate (-1 - -3) + 6 + (23 - 33).
-2
170 - 184 - (17 - 7)
-24
Evaluate (-15 - (-8 - 9)) + -21.
-19
Evaluate -16 + -2 - ((15 - (-10 + 15)) + -14).
-14
Calculate 13 + 25 - (39 - 17).
16
-6 + 0 + -4 + 6 + (112 - 141)
-33
What is -16 + 7 + -1 + 5 + 28 - 6?
17
What is -2 + 4 - -6 - (13 - 52 - -73)?
-26
What is (0 - 11) + -26 - (-9 + -3)?
-25
What is the value of -14 + -10 + 8 + 27?
11
What is the value of (-11 - (-4 + 0 + 2)) + (28 - 46)?
-27
(-8 - -9) + 0 + -19
-18
What is 8 - ((1 - 6 - (32 - 36)) + 3)?
6
What is the value of 7 + (-13 + 17 - (8 - 1)) - 10?
-6
What is (-6 - 1) + (545 - 545)?
-7
What is -25 + 5 + -11 + (0 - -8)?
-23
Evaluate 1133 - 1134 - (-5 + 1 - 1).
4
What is the value of 18 + 16 + -32 - (4 + 0 - -2)?
-4
What is (9 - 15) + -6 + (-2 - -2 - 6)?
-18
What is the value of (4 - (-3 + 7 - 4)) + -10?
-6
What is -6 + (-14 - -3) - (-16 + -12)?
11
-14 + 28 - 0 - 5
9
Evaluate 7 + 4 - (-6 + 16) - -4.
5
Calculate (-12 - -18 - 13) + 21.
14
What is the value of -1 + 6 - ((8 - 7) + -3)?
7
-7 - ((-26 - -7) + 2 - 11)
21
(2 - (-8 - (-13 - 10))) + 4
-9
-22 + 13 - 3 - -13
1
Evaluate (6 - (41 - 6)) + (4 - (-16 - -15)).
-24
Evaluate -1 - -16 - (-8 + 2 + (-3 - -2)).
22
Evaluate -15 - 1 - -41 - 13.
12
What is the value of -12 + -34 + 69 + -15?
8
Evaluate 10 + (-3 - (0 + -1)) - -1.
9
What is the value of 0 + 3 + 1 + -1 - (-6960 + 6975)?
-12
What is 26 - (27 + 1 + 17)?
-19
Evaluate -13 + (38 - 3) + -20.
2
5 - (-2 - -9 - 8 - (-2 - 0))
4
What is the value of -16 + (-6 - -19) + -1?
-4
Calculate -4 - (-11 + 4 + -7).
10
1 + -1 + (21 - (18 - 2) - 9)
-4
-10 - (-7 + (-7 - 11))
15
(523 - 517) + -1 + 3
8
What is the value of 22 + (10 - 30) + (4 - -1 - -1)?
8
What is the value of -1 + 19 + -2 - 10 - (1 + -6)?
11
What is -11 + 1 + 18 + -13?
-5
Evaluate -1 + 6 + (12 - (2 + 9)) + -23.
-17
-1 - (0 - 1) - (8 - (-3 + 10))
-1
Evaluate (-5 - (8 + -7)) + -25 + 7.
-24
-2 + 0 + -10 + (-25 + 12 - -18)
-7
What is (0 - 0) + (13 - (4 - -1))?
8
Evaluate 2018 + -2013 + 12 + 1 + (0 - 2).
16
Calculate (1 - 8 - -7) + 5 + -16.
-11
Evaluate -2 + -5 - (3 + 7 + (-14 - -4)).
-7
Calculate (0 - 1 - -3) + 977 + -962.
17
Calculate 0 - -1 - ((19 - 8) + 0 - 12).
2
Evaluate -12 - -8 - (-3 + (8 - 4) - -8).
-13
Evaluate 51 + (-21 - (-2 - -12)).
20
Calculate -4 - -13 - 28 - (7 + -26).
0
What is the value of -76 - -42 - (-6 - 16)?
-12
Calculate (-1 - (13 - 6)) + 8 + 19.
19
Calculate 28 - (3 + -2 - (-7 + -16 + 19)).
23
Calculate (6 - -6) + 18 + -34.
-4
4 - 0 - (44 + 40 + -82)
2
What is the value of 1 + (14 - -4) - (-11 - -19)?
11
Calculate 30 + (-31 - -11) + 10.
20
Evaluate 34 + (-172 - -178 - (11 + 1)) - 7.
21
What is 29 + (-2 - 22) + 1 + -7 + 0?
-1
What is -1 + 3 - -14 - (1 + 0 + 2)?
13
What is the value of (-11 - (-32 - -11)) + (0 - -9) + -1?
18
Evaluate -6 + -4 + -3 - 0 - (-1 + -5).
-7
Calculate -8 + -4 - -5 - (10 + -20 + 5).
-2
Calculate 29 + -1 + -14 - (19 - -9).
-14
Evaluate 6 - (-4 + (19 - (10 - 2)) - 7).
6
Calculate (2 - -10) + (-17 - -16) + 3 + 1.
15
What is (-1 - (2 + (-15 - -5))) + -17?
-10
Calculate -4 + (-2 + 2 - -2 - 9).
-11
Calculate -542 + 529 - (-20 + -1).
8
What is the value of -2 + -1 - (10 + -1 - (-3 + 13))?
-2
36 + -18 + -2 + -4 - -3
15
What is -54 - (-33 + 10 - 6)?
-25
Calculate -7 + 3 - 0 - 10.
-14
Evaluate 12 + (-6 - -5) + -3 + 7.
15
Evaluate 5 + -18 + 11 + -7 - -1 - -26.
18
What is -3 + 4 - (2 + -5 + 1)?
3
(6 - 2) + -6 + (-1 - (0 - 0))
-3
Calculate 2 - (3 + 2) - (-1 - (-12 - -23)).
9
What is the value of 17 - (-9 - -4 - (-11 + (8 - 4)))?
15
Evaluate 15 + (-49 - 1 - (-16 + 4)).
-23
Calculate 6 - ((-1 - -2) + 1).
4
What is the value of (-22 + 8 - (-5 + 0)) + 8 + -3?
-4
3 - (-5 + 1 - (-22 - -28))
13
Evaluate (2 + 2 - (-8 - -14)) + -6.
-8
What is the value of 1 + -6 + (15 - 0)?
10
-6 - ((9 - 8) + -1 + (-6 - -3))
-3
What is 12 + -5 + (22 - 48)?
-19
What is 0 + 7 + (-121 - -122)?
8
Calculate -14 + 2 + (7 + -11 - -3 - -6).
-7
-10 + 31 + (-18 - 3)
0
Evaluate -26 + (3 + 26 - 14).
-11
What is 18 - 13 - (-3 + 15)?
-7
What is 2 + -2 - ((-6 - -1) + -2 - 7)?
14
What is the value of 10 + (22 - (10 - -5))?
17
(99 - 95) + 1 + -15 - (1 + -8)
-3
-7 + (7 - (-5 + 11))
-6
What is 0 + 19 + (12 + -11 - 8) + 5?
17
What is the value of 22 + -21 + 14 - 25?
-10
Evaluate -22 + 6 + 8 + (11 - 1).
2
What is (2 + -3 + -3 - -3) + 6?
5
What is -5 - (-57 + 56 - (-2 - (2 - 1)))?
-7
Calculate (8 - -1) + (-11 - -10 - 13) + 13.
8
Evaluate (-1 - -8) + (4 + -17 + 5 - -2).
1
-5 + (0 + 0 + 6 - 0)
1
What is the value of (9 - 4 - -69) + -41?
33
-6 + 6 - 2 - -5 - 8
-5
What is -12 + (1 - -8 - (-110 - -108))?
-1
Calculate -19 - (-2 - (7 - (-3 - -11))).
-18
What is the value of 2 - (10 - 7) - (18 + -1) - -4?
-14
Calculate 16 + (-7 - (21 + -2)).
-10
What is the value of -8 + -14 + 4 + (2 - -4)?
-12
What is the value of (-99 - -79 - (1 - 0)) + 11?
-10
What is the value of (-80 - -97) + 1 + -8 - (-6 - -4)?
12
5 - (33 - (18 + -25 + 2))
-33
(3 - 5 - (-38 - -27)) + 6
15
(52 - 35) + -17 + 12 + 0 + 0
12
(2 - 14) + -1 + 7 + 15 + 6
15
-15 + -3 + -3 + 5 - (6 + 0)
-22
Calculate -1 + 13 - (99 - 83).
-4
What is (-8 - (-12 - -8)) + -1?
-5
Evaluate 9 + (20 - 13) + -14.
2
What is the value of (-104 - -106) + -14 + 0?
-12
What is the value of 2 + (-17 + 14 - -38)?
37
What is the value of -20 - ((0 - -2) + (15 - 18) - 5)?
-14
Evaluate -2 + (-33 + 13 - (3 + 6 + -11)).
-20
What is the value of -27 - ((-34 + 64 - 21) + (-1 - 12))?
-23
Calculate -7 - ((9 - -9) + -4) - (10 + 1).
-32
Calculate 6 - (5 + 5) - -7 - (-1 + 3).
1
Evaluate -1 + -8 + 41 + -6 + -1.
25
What is the value of 39 + (-4 - (1 - 6) 